-72)?
-1132
Let j(l) = -466853*l - 933670. Calculate j(-2).
36
Let w(f) = 3694*f - 62826. Determine w(17).
-28
Let h(d) = -3*d**2 - 37*d + 4857. Calculate h(41).
-1703
Let p(n) = 1695*n + 93533. Calculate p(-55).
308
Let k(l) = -434*l - 2321. Give k(-6).
283
Let k(n) = 59*n**2 + 950*n - 3744. Calculate k(4).
1000
Let g(w) = 9*w**2 + 96*w - 1827. Calculate g(14).
1281
Let z(s) = 196*s + 8951. Determine z(-45).
131
Let z(y) = -y**3 - 23*y**2 + 126*y - 108. Determine z(3).
36
Let x(l) = 3*l**3 + 190*l**2 + 774*l - 232. Give x(-5).
273
Let z(i) = 369622*i - 1109027. What is z(3)?
-161
Let m(w) = w**3 + 17*w**2 + 21*w - 235. Give m(-13).
168
Let h(c) = -8*c**3 + 305*c**2 - 32*c - 250. What is h(38)?
-22
Let k(v) = 180382*v + 2525355. What is k(-14)?
7
Let s(h) = 82*h**2 + 7361*h - 9222. Determine s(-91).
-31
Let d(t) = 438*t + 30443. Give d(-68).
659
Let g(l) = 426*l - 5984. Calculate g(16).
832
Let j(c) = 1574*c + 29253. What is j(-18)?
921
Let n(q) = -1101*q - 83720. What is n(-76)?
-44
Let p(m) = -2*m**3 + 740*m**2 + 4*m - 1492. Give p(370).
-12
Let k(r) = -24*r**2 - 409*r - 751. Give k(-15).
-16
Let v(g) = -g**2 + 1083*g - 289070. Give v(606).
-8
Let v(l) = -215*l**2 - 313*l - 626. What is v(-2)?
-860
Let o(v) = 242*v**2 + 847*v + 52. What is o(-6)?
3682
Let c(p) = 82921*p + 82917. Calculate c(-1).
-4
Let q(v) = -2*v**3 + 19*v**2 - 3*v - 326. Give q(10).
-456
Let p(z) = -626*z - 36508. Calculate p(-58).
-200
Let b(m) = -969*m - 18392. What is b(-19)?
19
Let z(b) = -106*b**2 - 411*b - 402. Determine z(-1).
-97
Let z(s) = -73*s**3 + 16788*s**2 + 451*s + 2198. Determine z(230).
128
Let g(p) = -52*p**2 - 136*p + 72. What is g(-3)?
12
Let m(f) = 9502*f - 2584529. Calculate m(272).
15
Let s(b) = 31736*b - 285619. What is s(9)?
5
Let i(r) = -11*r**3 - 228*r**2 + 6*r - 531. Determine i(-21).
666
Let z(a) = 4234*a**2 + 16934*a + 5. Give z(-4).
13
Let o(u) = 4*u**3 + 529*u**2 - 397*u + 427. Calculate o(-133).
161
Let y(c) = 33*c**2 - 6852*c - 59679. Determine y(216).
-63
Let y(m) = 53*m + 3693. What is y(-99)?
-1554
Let g(x) = -17*x**2 + 2434*x - 18375. Give g(8).
9
Let g(h) = 1787*h - 7711. What is g(4)?
-563
Let k(r) = 9*r**3 - 261*r**2 + 45*r - 388. Determine k(29).
917
Let x(z) = 2*z**2 - 3245*z - 304644. Determine x(-89).
3
Let b(g) = 226008*g - 904018. Calculate b(4).
14
Let y(p) = p**2 - 34*p - 10612. Give y(121).
-85
Let f(x) = 2*x**3 + x**2 - 436*x - 374. Give f(-15).
-359
Let j(d) = 4*d**2 - 3345*d + 631571. Give j(288).
-13
Let o(c) = -171687*c - 8069294. What is o(-47)?
-5
Let w(k) = 21*k**2 - 637*k + 259. Calculate w(27).
-1631
Let g(a) = a**3 + 23*a**2 + 114*a - 213. Determine g(-12).
3
Let o(m) = m**3 - 667*m**2 + 2464*m - 754128. Give o(665).
-18
Let t(x) = -526644*x + 5266397. What is t(10)?
-43
Let s(q) = 5312*q - 5246. What is s(1)?
66
Let n(u) = -43809*u + 1620950. Determine n(37).
17
Let d(n) = -340*n**2 - 12581*n - 29. Determine d(-37).
8
Let y(r) = -2402*r - 941607. Calculate y(-392).
-23
Let j(r) = -r**2 - 9277*r + 40. Give j(0).
40
Let l(g) = -g**3 + 111*g**2 + 457*g - 61. What is l(115)?
-406
Let v(r) = 876*r + 1122. Determine v(-3).
-1506
Let c(k) = 39*k**3 - 3*k**2 - 6*k + 12. Give c(-2).
-300
Let y(v) = 342*v**2 + 2403*v - 62. What is y(-7)?
-125
Let g(u) = 207*u**2 - 4343*u + 55. What is g(21)?
139
Let f(p) = 664*p**2 - 8625*p - 137. Calculate f(13).
-46
Let t(q) = 58626*q + 410246. Calculate t(-7).
-136
Let n(a) = 3492*a + 24405. What is n(-7)?
-39
Let l(v) = 20971*v + 188654. Calculate l(-9).
-85
Let c(w) = -w**2 - 33906*w - 17919156. What is c(-537)?
-3
Let r(m) = -m**3 - 130*m**2 - 1592*m - 206948. Calculate r(-130).
12
Let f(a) = -a**2 + 6610*a - 33012. Give f(5).
13
Let l(u) = 5818*u**2 + 75618*u - 205. Calculate l(-13).
3
Let k(z) = -79*z**2 + 3292*z - 34182. Give k(22).
6
Let y(i) = 46*i**2 - 6992*i - 36. Calculate y(152).
-36
Let o(m) = m**3 - 644*m**2 - 5255*m + 25452. What is o(652)?
24
Let g(r) = -r**3 + 188*r**2 - 1765*r - 2592. Determine g(178).
78
Let c(v) = 3*v**3 - 39*v**2 - 70*v - 9. What is c(0)?
-9
Let z(d) = 6*d**3 - 34*d**2 - 282*d + 2063. Give z(7).
481
Let n(g) = 1008*g - 82985. Give n(82).
-329
Let s(g) = -900*g - 642597. What is s(-714)?
3
Let g(m) = 64142*m - 1346825. What is g(21)?
157
Let f(p) = 3071*p + 3132. Give f(-1).
61
Let y(k) = -34*k**2 - 2*k + 59. What is y(5)?
-801
Let h(p) = -561*p - 632. Give h(-1).
-71
Let o(w) = -w**3 + 597*w**2 + 14308*w - 29758. Give o(620).
2
Let m(u) = u**2 + 3647*u - 21858. Calculate m(6).
60
Let m(t) = t**3 + 126*t**2 + 2934*t - 1053. Calculate m(-95).
-8
Let q(p) = -p**3 + 243*p**2 - 7792*p + 261. Determine q(205).
-149
Let x(n) = -n**2 - 228*n - 11797. Determine x(-79).
-26
Let y(d) = 1584*d - 22043. Give y(14).
133
Let a(o) = -691*o - 25591. Determine a(-37).
-24
Let c(s) = 13*s**2 + 280*s - 97. Determine c(-22).
35
Let j(r) = -1239123*r - 7434742. Calculate j(-6).
-4
Let h(o) = o**3 - 19*o**2 - 747*o + 14967. Give h(22).
-15
Let j(p) = -277*p**2 - 6098*p - 59. Give j(-22).
29
Let l(r) = 47064*r**2 - 423574*r + 25. Give l(9).
43
Let y(k) = k**3 - 455*k**2 - 754*k - 283924. Calculate y(458).
36
Let d(f) = 3*f**2 - 53*f + 106. What is d(3)?
-26
Let x(i) = -116*i**2 - 407*i - 253. Calculate x(-3).
-76
Let j(x) = x**2 - 227*x + 5721. Determine j(28).
149
Let m(w) = 3*w**3 - 7*w**2 + 13*w + 10. Give m(4).
142
Let j(n) = -n**2 - 538*n + 28121. What is j(48)?
-7
Let a(l) = -438*l + 48663. Determine a(109).
921
Let d(s) = -12481*s + 10583876. Give d(848).
-12
Let t(c) = 5*c**3 + 55*c**2 - 296*c - 11. Calculate t(4).
5
Let a(l) = 4*l**3 + 8*l**2 + 38*l + 20. Determine a(-4).
-260
Let c(x) = -33631*x - 168072. What is c(-5)?
83
Let x(i) = 20*i**2 + 536*i + 2189. What is x(-20)?
-531
Let u(s) = -3436*s + 333292. Calculate u(97).
0
Let l(r) = -2*r**2 - 3683*r + 554838. What is l(140)?
18
Let l(c) = c**2 + 831*c - 12407. What is l(15)?
283
Let x(l) = 2*l**2 - 311*l - 5204. Give x(-17).
661
Let g(c) = 69*c + 5682. What is g(-102)?
-1356
Let c(b) = -b**3 + 69*b**2 + 5934*b - 767. Calculate c(-50).
33
Let b(y) = y**2 - 90*y - 61493. Determine b(297).
-14
Let r(a) = 675*a - 52645. Determine r(78).
5
Let l(o) = 2484*o - 37323. Give l(15).
-63
Let n(w) = 74920*w - 224766. Give n(3).
-6
Let t(a) = -32*a + 534. What is t(11)?
182
Let s(z) = -199*z**2 + 218*z - 649. Give s(3).
-1786
Let l(v) = v**3 + 369*v**2 + 25852*v + 176. Give l(-94).
-12
Let m(t) = -2*t**3 - 492*t**2 + 876*t + 94337. Calculate m(-247).
-17
Let p(j) = 49980*j + 349821. Calculate p(-7).
-39
Let t(j) = 7*j**3 - 10*j**2 - 75*j - 75. Give t(-2).
-21
Let c(r) = -3*r**3 + 49*r**2 - 60*r - 18. Give c(15).
-18
Let c(j) = -4160*j - 42268. Give c(-10).
-668
Let k(h) = 709*h**2 - 356*h - 392. Determine k(-1).
673
Let w(a) = 3*a**2 - 5463*a + 286231. Calculate w(54).
-23
Let j(p) = -6*p**3 + 3746*p**2 + 2498*p + 1257. Calculate j(625).
7
Let w(t) = t**3 - 25*t**2 - 79*t + 185. What is w(23)?
-2690
Let a(q) = -105108*q - 3888989. Determine a(-37).
7
Let w(v) = -4302*v + 1591743. Determine w(370).
3
Let m(w) = w**3 + 124*w**2 + 1061*w + 37. What is m(-9)?
-197
Let k(n) = 3*n**3 + 369*n**2 - 750*n - 281. Give k(-125).
-281
Let m(h) = -h**3 + 315*h**2 - 8624*h + 21090. Give m(285).
0
Let d(p) = p**3 - 26*p**2 - 190*p + 4944. What is d(26)?
4
Let i(s) = 23775*s - 190281. Calculate i(8).
-81
Let k(f) = -f**2 + 270*f - 16003. What is k(183)?
-82
Let f(l) = -2*l**3 + 383*l**2 + 189*l + 604. Calculate f(192).
28
Let a(f) = -2*f**2 - 67363*f + 1213176. Calculate a(18).
-6
Let y(c) = -65*c + 838. Give y(18).
-332
Let b(v) = 2*v**2 - 351*v - 18475. Calculate b(218).
55
Let l(o) = -147*o + 6996. What is l(40)?
1116
Let z(g) = -7*g - 133. What is z(-8)?
-77
Let w(y) = -209663*y + 2515949. What is w(12)?
-7
Let v(s) = -s**2 - 786*s - 69222. Give v(-107).
3431
Let m(w) = 9940*w + 347911. Determine m(-35).
11
Let u(z) = -z**2 - 36*z - 251. Calculate u(-15).
64
Let s(q) = -q**3 + 124*q**2 + 130*q - 773. Determine s(125).
-148
Let g(f) = 79*f + 18040. Calculate g(-194).
2714
Let j(q) = 2*q**3 + 372*q**2 - 745*q + 1367. Give j(-188).
51
Let z(f) = -233175*f - 1632220. Give z(-7).
5
Let m(w) = w**2 - 50*w - 5016. What is m(-38)?
-1672
Let u(m) = 1683*m - 26923. Determine u(16).
5
Let t(h) = 1525*h + 125521. Give t(-82).
471
Let k(b) = 